= -4*a - 4. Let p(w) = 2*w**2 + 7*w + 5. Let h be p(-7). What is the greatest common factor of a and h?
6
Let y = 17 + -11. Suppose 3*r - 24 = t, -36 = -18*r + 15*r + 3*t. Calculate the greatest common divisor of y and r.
6
Suppose -28 = -f + 5*x, 3*x + 58 = 4*f - 3. Suppose 276 = 2*s + 2*a, 5*a + 454 = 5*s - 2*s. Calculate the greatest common factor of s and f.
13
Let v be -310*((-28)/35 - 2/(-5)). Calculate the greatest common factor of v and 31.
31
Suppose y - 6 = 8. Let f be 1074/y + 6/21. Calculate the greatest common factor of 11 and f.
11
Let s(t) = 10*t - 3. Let h be s(3). Let u(a) = 134*a**2 - 3*a - 2. Let j be u(-1). Calculate the highest common factor of j and h.
27
Let a be 44/6 + 12/18. Let v(i) = -i**3 - 6*i**2 - 3*i - 1. Let m be v(-6). Let f = m + -13. What is the highest common factor of f and a?
4
Let u be ((-1)/(-2))/(7/70). Let p(c) = c + 14. Let w be p(u). What is the greatest common factor of w and 95?
19
Suppose -3*l - 5*x + 2 - 13 = 0, 5*l = -3*x + 3. Suppose 39 = -l*w + 6*w. Calculate the highest common divisor of w and 104.
13
Let h(c) = c**2 + 3*c + 6. Let v be h(-4). Let o = -12 - -15. Suppose 0 = -o*t + 2*t + 4. What is the greatest common divisor of t and v?
2
Suppose 0 = 5*a - 0*a - 2425. Let m be (-37996)/(-115) - (-6)/10. Let d = a - m. What is the greatest common factor of d and 14?
14
Let r be (42/(-4))/(3/(-4)). Let l = 7 - 4. Suppose 2*y - 107 = -s + 3*y, -4*s - l*y = -463. What is the highest common factor of s and r?
14
Let i(n) = -n**2 - 51*n - 2. Let l be i(-13). What is the greatest common divisor of 12 and l?
12
Let l be 6/33 + 1268/44. Suppose -5*g - 24 = -l. What is the highest common factor of 7 and g?
1
Let o be 56 + (3 - 2) + 3. Let r(d) = d + 6. Let l be r(-5). Let c be (25 - (-2)/(-2))*l. Calculate the highest common divisor of c and o.
12
Suppose -396 = -59*j + 48*j. What is the greatest common factor of j and 288?
36
Let d be -1*(-2 + 2 + -1). Let y be (-82)/(-4) - d/2. Suppose 155*g - 153*g - 280 = 0. Calculate the highest common factor of y and g.
20
Let l(i) = 6*i - 53. Let q be l(16). Calculate the highest common factor of 387 and q.
43
Suppose 20 = 4*n + n, b + 2*n = 38. What is the highest common divisor of b and 90?
30
Let i be (-5 - 5/(10/(-194))) + 2. Calculate the greatest common factor of i and 2.
2
Let x(l) = 161*l**2 + 9*l + 13. Let i be x(-2). Calculate the greatest common divisor of 9 and i.
9
Let m(l) = 11*l + 100. Let k be m(-7). Calculate the greatest common divisor of k and 483.
23
Let t = -973 + 1350. What is the greatest common factor of t and 145?
29
Let w(s) = -5*s - 85. Let k be w(-26). What is the greatest common factor of k and 2745?
45
Let r = 4 - 4. Let m = r + 24. Let x be (3/((-18)/20))/(10/(-180)). What is the greatest common factor of m and x?
12
Let m(y) = 39*y**3 - y + 1. Let j be m(1). Let f = -23 + j. What is the highest common divisor of f and 64?
16
Suppose 3*i - i = 36. Let r = i + 12. Let p be ((-12)/54*3)/((-1)/30). What is the highest common factor of r and p?
10
Suppose 4*k + 4*r - 205 = -k, -175 = -5*k + 2*r. Let f = k - 21. Suppose -200 = -5*a - 0*a. Calculate the highest common factor of f and a.
8
Let g = -67 + 193. Let v(l) = 10 + l + l - l. Let m be v(8). Calculate the highest common divisor of g and m.
18
Suppose -3*d + 63 = 2*q + q, 2*d + 119 = 5*q. Let n be 20/6*84/(-10). Let x be 459/2 - 14/n. Calculate the highest common factor of x and q.
23
Let x(u) = -u**3 + 13*u**2 + 38*u - 35. Let s be x(15). What is the greatest common factor of s and 34?
17
Suppose 4*c + 4*c - 40 = 0. Suppose 3*k - 50 = -c*w, -5*k + 2*w = -0*k - 135. Calculate the highest common divisor of 25 and k.
25
Let x(n) = -13*n + 5. Let i be x(5). Let o = -12 - i. Calculate the greatest common divisor of o and 16.
16
Let s(w) = w**2 + 2*w - 30. Let k be s(-9). Let v = k + -7. What is the greatest common divisor of v and 65?
13
Let o be 574/8 - (-2)/8. Let h = -114 - -123. Calculate the highest common divisor of h and o.
9
Let d(t) = -2*t**2 + 55*t + 51. Let u be d(25). What is the greatest common divisor of 48 and u?
16
Let x(j) = -4*j + 256. Let l be x(12). What is the highest common factor of l and 13?
13
Let f = 20 - 22. Let n be (2 - 0 - f)/(10/55). What is the greatest common factor of n and 110?
22
Suppose 0 = -4*u + 1 + 39. Let n be 2*(-45)/6*(-4)/3. Calculate the greatest common divisor of u and n.
10
Let z be (-798)/(-33) - (-4)/(-22). Suppose z*x - 42 = 21*x. Calculate the greatest common factor of 7 and x.
7
Suppose 0 = -9*m + 5*m + 212. Suppose -6*b + 539 = m. Suppose b - 231 = -6*a. What is the highest common factor of 275 and a?
25
Let m = 17 + -15. Let u be -3 + (9 - m) - 2. Let p = 15 + -9. Calculate the greatest common factor of u and p.
2
Suppose 5*j - 612 = -46*j. What is the highest common factor of j and 348?
12
Suppose -p - 21 = -4*d, 11 = 3*d + 6*p - 2*p. Suppose 15 = -d*g + 6*g. Calculate the highest common divisor of g and 15.
15
Let f(o) = -o**3 + 12*o**2 + 2. Let l be f(12). Suppose -5*y + 3*y = -l*s - 224, -580 = -5*y - 5*s. Calculate the highest common factor of y and 38.
38
Let q be (-9)/((-72)/376) - 22. Suppose -4*i + 10 = -2*i. Calculate the greatest common factor of i and q.
5
Let v(u) = -9 + 6 + u + 13. Let n be v(-13). Let i(r) = -6*r + 4. Let g be i(n). What is the greatest common divisor of g and 44?
22
Suppose 13*v - 426 = 315. What is the highest common factor of v and 741?
57
Let j = -147 - -203. Calculate the greatest common factor of j and 152.
8
Let l be 74/14 - 1*10/35. What is the greatest common divisor of l and 5?
5
Let c be 18/18 - (0 - 3). Suppose 121 - 25 = 4*d + 4*a, 34 = d - c*a. Let m = d + 8. Calculate the greatest common factor of m and 272.
34
Let h be -3 - (13 - 0)*-1. Let m be -26*(-5)/h + -2. Suppose j - 3*j - a = -6, 2*a - 8 = 0. Calculate the highest common divisor of j and m.
1
Let d(u) = -u**3 - 3*u**2 + 6*u. Let f be d(-5). Let a = 681 - 671. What is the greatest common factor of f and a?
10
Let v(t) = 216*t + 120. Let p(k) = 43*k + 24. Let m(w) = -22*p(w) + 4*v(w). Let h be m(-4). What is the greatest common divisor of 35 and h?
35
Let l be 413*(1/7)/((-2)/(-4)). Calculate the highest common factor of 295 and l.
59
Let g = -278 - -661. Suppose 0 = -2*z - 4*l + 272, -3*z + g = 2*l - l. What is the highest common factor of z and 14?
14
Let q = 411 - 408. Suppose 0 = 5*u - 4*h + 1 - 5, 0 = -4*u + 2*h + 8. Suppose -2*b + 2 = -b, q*p - u*b + 2 = 0. What is the greatest common factor of 22 and p?
2
Let k = 173 + -170. What is the highest common factor of k and 51?
3
Let i(w) = w**2 + 43*w + 139. Let l be i(-40). Calculate the highest common divisor of 475 and l.
19
Let s be (3/1)/(3/9). Suppose 2*y - 140 = -a, -a - 3*y + 98 = -42. Let u = a - 59. Calculate the highest common factor of u and s.
9
Let i be (3 + 0/5)/(21/6944). What is the highest common divisor of i and 62?
62
Let u(f) = -f**3 + 9*f**2 + 3*f + 6. Let a be u(6). Let y(l) = -19*l**2 - l. Let k be y(-1). Let m = 30 + k. What is the highest common factor of a and m?
12
Let k(o) = -134*o**3 - o**2 - o - 1. Let z be 9*5/10*6. Let a = z - 28. Let m be k(a). Calculate the greatest common factor of m and 19.
19
Suppose -3*x + 47 + 70 = 0. Suppose -d + 5 = 3. Suppose -d*j + x = j. What is the greatest common factor of j and 13?
13
Suppose 50*y + 838 = 48*y. Let w = -293 - y. Calculate the highest common factor of w and 42.
42
Let l = -34 + 52. Let u be (-4)/(-1)*l/24. What is the greatest common divisor of 27 and u?
3
Suppose 4*h - 244 = -u + 173, 2*h - 212 = -4*u. Let m = -3 - -6. Let l = m + 10. What is the highest common factor of l and h?
13
Suppose 234 = -0*l + 13*l. What is the greatest common factor of l and 963?
9
Suppose -2*a + 21 = a. Suppose 0 = 3*w + 15, 85 = 2*b + w - 64. Calculate the greatest common divisor of a and b.
7
Let m be 93*(21/(-9) + 3). Let u = m - 35. Let f be 30 - ((-16)/(-8) - -1). What is the highest common factor of u and f?
27
Let j = 13 + -3. Suppose -3*u + 3*n - 6 = 0, -2*u = -7*u + 4*n - 5. Let x be u*-1 - 53/(-1). What is the highest common divisor of x and j?
10
Let h(z) = z**3 + 4*z**2 + z + 7. Let l be h(-4). Let y be (-2 + -22)*l/(-3). What is the highest common divisor of y and 16?
8
Suppose g + 0*g - 4 = 0, 4*c = 2